culate the greatest common factor of 130 and 104.
26
What is the highest common factor of 717 and 3?
3
What is the greatest common divisor of 187 and 55?
11
Calculate the highest common divisor of 17 and 1717.
17
Calculate the greatest common factor of 549 and 9.
9
Calculate the highest common factor of 5740 and 84.
28
What is the greatest common divisor of 2847 and 39?
39
Calculate the greatest common factor of 20 and 905.
5
What is the highest common divisor of 68 and 612?
68
What is the greatest common factor of 812 and 28?
28
What is the highest common divisor of 6528 and 96?
96
Calculate the greatest common factor of 3 and 1149.
3
Calculate the greatest common divisor of 15 and 42015.
15
What is the greatest common divisor of 2936 and 16?
8
What is the greatest common divisor of 3 and 263?
1
What is the highest common divisor of 221 and 2197?
13
Calculate the greatest common factor of 115 and 45.
5
What is the greatest common divisor of 198 and 88?
22
Calculate the highest common divisor of 516 and 24.
12
What is the highest common divisor of 4690 and 70?
70
Calculate the highest common factor of 90 and 6240.
30
Calculate the greatest common factor of 111 and 999.
111
What is the greatest common divisor of 43295 and 35?
35
What is the greatest common divisor of 28 and 315?
7
Calculate the highest common factor of 68 and 45458.
34
Calculate the greatest common factor of 45 and 99.
9
What is the highest common factor of 13 and 4?
1
What is the greatest common divisor of 29205 and 330?
165
What is the highest common factor of 144 and 324?
36
What is the greatest common factor of 17110 and 116?
58
What is the greatest common factor of 192 and 288?
96
What is the highest common divisor of 160 and 4832?
32
Calculate the greatest common factor of 1611 and 99.
9
Calculate the greatest common factor of 91 and 286.
13
What is the highest common divisor of 126 and 2394?
126
Calculate the highest common factor of 32 and 992.
32
Calculate the highest common factor of 330 and 5.
5
Calculate the highest common factor of 78 and 1898.
26
Calculate the greatest common divisor of 48 and 30.
6
Calculate the greatest common divisor of 180 and 310.
10
What is the highest common factor of 425 and 187?
17
What is the greatest common divisor of 35360 and 170?
170
What is the greatest common divisor of 258 and 71982?
258
Calculate the highest common factor of 394 and 19897.
197
Calculate the highest common divisor of 1419 and 1199.
11
Calculate the highest common factor of 268 and 4.
4
What is the greatest common divisor of 1274 and 793?
13
Calculate the greatest common factor of 2838 and 726.
66
What is the highest common divisor of 67 and 1541?
67
Calculate the highest common factor of 30 and 510.
30
Calculate the highest common divisor of 105 and 245.
35
What is the highest common factor of 696 and 6?
6
Calculate the highest common factor of 3 and 339.
3
Calculate the greatest common factor of 19 and 24548.
19
Calculate the greatest common divisor of 1323 and 27.
27
What is the greatest common factor of 19168 and 32?
32
What is the greatest common divisor of 1550 and 100?
50
Calculate the greatest common divisor of 11064 and 2.
2
Calculate the highest common factor of 74 and 4958.
74
Calculate the highest common factor of 41 and 492.
41
Calculate the highest common divisor of 44 and 116.
4
Calculate the greatest common divisor of 2507 and 109.
109
Calculate the greatest common factor of 10375 and 125.
125
Calculate the highest common factor of 3180 and 36.
12
Calculate the greatest common factor of 110 and 374.
22
What is the greatest common divisor of 1280 and 80?
80
Calculate the greatest common divisor of 2255 and 55.
55
Calculate the greatest common factor of 6 and 354.
6
What is the highest common factor of 1125 and 500?
125
What is the greatest common factor of 15466 and 247?
19
Calculate the greatest common factor of 10825 and 25.
25
What is the highest common divisor of 225 and 63?
9
What is the greatest common factor of 36 and 3474?
18
Calculate the greatest common divisor of 2250 and 27.
9
Calculate the greatest common divisor of 525 and 42.
21
Calculate the greatest common divisor of 1845 and 10045.
205
What is the highest common divisor of 29 and 22098?
29
What is the greatest common divisor of 112 and 96?
16
Calculate the highest common factor of 72 and 153.
9
Calculate the highest common divisor of 35 and 875.
35
What is the greatest common factor of 63 and 693?
63
What is the highest common factor of 20 and 100?
20
Calculate the highest common divisor of 714 and 153.
51
What is the highest common divisor of 11 and 3883?
11
What is the highest common divisor of 528 and 6?
6
What is the highest common divisor of 855 and 150?
15
Calculate the greatest common divisor of 1024 and 16.
16
Calculate the highest common factor of 18 and 43.
1
What is the highest common divisor of 1758 and 48?
6
Calculate the highest common factor of 294 and 1127.
49
What is the greatest common divisor of 25 and 2725?
25
What is the greatest common divisor of 18 and 813?
3
Calculate the greatest common factor of 592 and 8.
8
Calculate the greatest common factor of 417 and 261.
3
What is the highest common divisor of 1876 and 11725?
469
Calculate the greatest common divisor of 98 and 448.
14
What is the highest common factor of 316 and 237?
79
Calculate the greatest common divisor of 2754 and 96.
6
What is the greatest common divisor of 36 and 324?
36
Calculate the highest common factor of 35 and 280.
35
Calculate the highest common factor of 96 and 120.
24
What is the highest common divisor of 3591 and 228?
57
Calculate the highest common divisor of 81 and 447.
3
Calculate the highest common divisor of 5239 and 93.
31
Calculate the greatest common factor of 450 and 80.
10
What is the greatest common divisor of 6960 and 220?
20
What is the greatest common factor of 256 and 80?
16
Calculate the greatest common factor of 426 and 6.
6
What is the greatest common factor of 216 and 296?
8
Calculate the highest common factor of 100 and 425.
25
What is the greatest common divisor of 4966 and 2101?
191
Calculate the highest common divisor of 200 and 8.
8
What is the greatest common factor of 182 and 1846?
26
What is the greatest common factor of 324 and 252?
36
What is the greatest common divisor of 450 and 3690?
90
What is the highest common divisor of 3 and 1019?
1
Calculate the greatest common factor of 19344 and 936.
312
What is the highest common factor of 407 and 33?
11
What is the highest common divisor of 35 and 230?
5
Calculate the greatest common factor of 10432 and 489.
163
What is the greatest common divisor of 19 and 3952?
19
What is the highest common divisor of 152 and 24?
8
Calculate the highest common divisor of 31 and 31.
31
Calculate the greatest common factor of 5117 and 238.
119
Calculate the highest common divisor of 1012 and 460.
92
Calculate the highest common divisor of 266 and 38.
38
Calculate the greatest common divisor of 106 and 5.
1
Calculate the greatest common factor of 5976 and 36.
36
What is the highest common divisor of 138 and 402?
6
Calculate the highest common factor of 10 and 730.
10
What is the greatest common factor of 133 and 567?
7
What is the greatest common factor of 3352 and 8?
8
What is the greatest common factor of 2392 and 2288?
104
What is the highest common factor of 1310 and 10?
10
Calculate the highest common divisor of 1280 and 5.
5
Calculate the greatest common divisor of 133 and 3933.
19
What is the highest common factor of 82 and 3034?
82
Calculate the highest common divisor of 180 and 85.
5
Calculate the highest common divisor of 376 and 8.
8
Calculate the highest common divisor of 1044 and 464.
116
What is the greatest common divisor of 237 and 79?
79
Calculate the highest common factor of 42 and 700.
14
What is the highest common factor of 22 and 1122?
22
Calculate the greatest common divisor of 198 and 528.
66
What is the greatest common factor of 9 and 8043?
3
Calculate the greatest common divisor of 19 and 1767.
19
Calculate the highest common divisor of 3 and 24.
3
What is the highest common divisor of 143 and 176?
11
What is the highest common divisor of 11780 and 124?
124
Calculate the greatest common divisor of 